q*o + 3 = 0. Let w(c) = -c**2 - 5*c - 2. Calculate w(o).
4
Let j(z) = -7*z + 7. Let r(q) = 11*q - 11. Let k = 1 - 6. Let i(d) = k*r(d) - 8*j(d). Suppose 9*v - 4*v = -2*s + 1, 3*s - v = -7. Determine i(s).
-3
Let o(p) = -p**3 + 6*p**3 + 3*p - p**2 - 3*p**2 - 3*p**3. Give o(2).
6
Let o be (-1 + 4 + -2)*-2. Let b be (-11)/22*(-4)/(-2). Let t = b - o. Let q(x) = 10*x**3 - x**2 - x + 1. Give q(t).
9
Let q(j) = 1 - 26*j**2 - 32*j**2 + 60*j**2 + 2*j. Determine q(-1).
1
Let v(d) = 7*d - 3*d - 6 + 0*d - d**2. Suppose 4*m = 17 - 1. Give v(m).
-6
Let s be ((-3)/(-1))/1 - (-5 - -5). Let v(d) = -5*d + 3. Determine v(s).
-12
Let x(m) = 7*m**2 + 21*m - 13. Let t(h) = -4*h**2 - 11*h + 6. Let u(y) = 5*t(y) + 3*x(y). Give u(-9).
0
Let i(f) be the third derivative of f**6/120 - 3*f**5/20 + 3*f**4/8 - 7*f**3/6 + 9*f**2. Determine i(8).
1
Suppose -4*p - 4*d - d - 3 = 0, -3 = 2*p + d. Let a be 1 + 2 - (-1 - -1). Let h(c) = a*c - 2*c**2 + c**3 + 5*c**2 - c**2 + 3. Determine h(p).
-3
Let h(v) = -3*v**2 + v + 1. Let l be h(1). Let w(t) = 11*t**3 + t**2 - t - 1. Give w(l).
-10
Let k(i) = i + 9. Let q be k(-18). Let z(y) = y - 3. Let f(a) = -a**2 + 4*a - 13. Let c(p) = q*z(p) + 2*f(p). Determine c(-2).
-5
Let b(m) be the first derivative of -1/6*m**3 + 1/2*m**2 + 1 + 1/10*m**5 + 0*m + 1/24*m**4. Let d(j) be the second derivative of b(j). What is d(1)?
6
Let c(s) = s**3 - 7*s**2 + 7*s + 3. Let n(b) = b**3 - 6*b**2 + 4*b. Let i be n(5). Let j be (i/10)/(2/(-24)). Determine c(j).
9
Let m(v) be the third derivative of v**2 + 0 - 1/15*v**5 - 1/120*v**6 + 1/4*v**4 + 0*v + 7/6*v**3. Determine m(-5).
2
Let n(y) = y + 1. Let x(a) = a - 1. Let c(v) = v - 4. Let s(o) = -c(o) + 2*x(o). Let r be s(-4). Let h = r + 6. Calculate n(h).
5
Suppose 0 = p + 13*p - 70. Let c(l) be the first derivative of p + 4*l + 1/2*l**2. Determine c(-3).
1
Let z(d) be the third derivative of d**4/24 + d**3/6 - 33*d**2. Determine z(1).
2
Let b(a) = 0*a**2 + 2*a**2 - 1 + 4*a - 10*a - 3*a**2. Suppose -2*l - 5 = 4*r + l, -4*l = 4*r. Calculate b(r).
4
Let i(t) = -t**2 + 5 + 0*t**2 - 1 - 3*t. Let z be i(-5). Let j(b) = b**3 + 6*b**2 + b - 2. Calculate j(z).
-8
Suppose -2*m - 2 = 0, -3*d + 5*m = -3 + 1. Let i(c) = -19*c**2 + 11. Let q(k) = 14*k**2 + 0 - 6 - 4*k**2. Let p(n) = -6*i(n) - 11*q(n). Calculate p(d).
4
Let d(i) be the first derivative of -i**4/4 - 5*i**3/3 - i**2 + 2*i + 11. Calculate d(-4).
-6
Let j(a) = -a + a - 2*a. Suppose 6 + 14 = 4*v. Let z = v + -6. What is j(z)?
2
Let z(i) be the third derivative of i**5/60 + 7*i**4/24 + i**3/3 + 6*i**2. Determine z(-6).
-4
Let f(x) = -x**3 - x**2 + 8. Let l(r) = -r**3 + 2*r**2 + 2*r + 1. Let y be (-1)/(-1*(-2)/2). Let i be l(y). Let o be -4*(-1)/(-2) + i. Determine f(o).
8
Let x be 3/(1 + 0) - 4. Let l(f) = -2*f**3 + 3*f**2 - 3*f - 2. Let k(o) = -o**3 + o**2 - 1. Let a(j) = x*l(j) + 3*k(j). Calculate a(2).
-3
Let d(h) = h**3 + 10*h**2 - 10*h + 10. Let k be d(-11). Let j(y) = -4*y + 1. Give j(k).
5
Let i(c) be the second derivative of -c**5/20 - c**4/2 + c**3 + c**2/2 - 11*c. Determine i(-7).
8
Let u(r) = -5*r**3 - 2*r**2 - 4*r + 1. Let p(s) = -9*s**3 - 5*s**2 - 8*s + 3. Let l(w) = -4*p(w) + 7*u(w). Give l(-5).
0
Let l = -24 - -24. Let u(m) = m**2 - m - 6. Calculate u(l).
-6
Let a be 4/(-24)*-3*0. Suppose a = 6*y - 10*y + 12. Let o(u) = -u**2 + 3*u - 2. Calculate o(y).
-2
Let y(x) = -3*x**2 - 10*x + 10*x - 11*x**2. Give y(1).
-14
Let q(n) = 10 + 0*n - 3 + 4*n + 0. Calculate q(-5).
-13
Suppose 0 = -3*l + 8*l + 5. Let g(y) = -3*y**2 - y. Let x be g(l). Let k(u) = -u**3 - 2*u**2 - 2. Give k(x).
-2
Let h(x) = -3*x**3 - 4*x + 1 + x**3 + 3*x. Suppose -4*i + 3*j = -16, -1 = 3*i - 2*j - 12. Give h(i).
-2
Suppose -4*h = -3*x + 31, -4*h + 23 + 0 = 3*x. Let s(g) be the third derivative of -g**6/120 + 2*g**5/15 + 3*g**4/8 + g**3/3 - 2*g**2. Give s(x).
2
Let h(q) be the third derivative of -q**5/15 - 5*q**2. Let m(i) = -i**2. Let s(d) = h(d) - 6*m(d). What is s(-1)?
2
Let o(w) be the third derivative of w**6/12 + w**5/30 - w**4/24 - 5*w**2. Determine o(1).
11
Let g be -6 + -4 + 2 + 0. Let n(d) = -d**3 - 8*d**2 - d - 3. Determine n(g).
5
Let x = -59 - -107. Let g(a) = -x + 5*a - 2*a**2 + a**3 - 4*a**2 + 47. Calculate g(5).
-1
Let f = 16 + -21. Let z(c) = c**2 + 6*c + 6. What is z(f)?
1
Let b(q) be the first derivative of q**3/3 - q**2 - 2*q - 11. Give b(6).
22
Let a = -2 + 4. Let r(i) = 4*i + 3 + 1 + i**a - 2 - 4. Give r(-4).
-2
Let h(j) = j**3 + 2*j**2 - 2*j - 2. Let s = -25 + 22. Calculate h(s).
-5
Let j = 11 - 13. Let a(o) = o**3 - 4*o - 3. Determine a(j).
-3
Let m(v) = -v**2 + 7*v + 1. Let h be m(8). Let s(p) = 3*p + 7. What is s(h)?
-14
Let j(x) = 57*x + 1 - 2*x**2 - x**3 - 56*x - 2. Let l be 4/(-6) + (-15)/(-9). Let t = l + -3. Give j(t).
-3
Let g(v) = v**3 + 7*v**2 + 2*v + 4. Suppose 3*d = -16 - 5. What is g(d)?
-10
Let o(x) = 2*x**2 + 21*x + 19. Let m(v) = -v**2 - 11*v - 10. Let s(y) = 7*m(y) + 4*o(y). Calculate s(-4).
-6
Let f(t) = t**3 + 2*t**2 + 4*t + 2. Let g(r) = -r**2 - 7*r - 2. Let w be g(-7). What is f(w)?
-6
Let k(u) = u**2 - u - 1. Let f be k(2). Let h = 2 - f. Let a(i) = i**3. Determine a(h).
1
Let n be 3/(-2)*76/57. Let m(r) = -1 + r**2 + 3 - 1 + 2*r. Calculate m(n).
1
Let s(q) = q**3 + 6*q**2 - 4. Let k = -2 + -4. Let o be s(k). Let u(m) = -m + 4. Calculate u(o).
8
Let f(p) = -2*p**3 - p. Let c(l) = -3*l - 14. Let v be c(-5). Calculate f(v).
-3
Let s(r) be the third derivative of -r**6/120 - r**5/20 - r**4/6 - r**3/3 - r**2. Let v = 19 - 5. Suppose -2*z = 8, x + 6*z + v = 3*z. Calculate s(x).
2
Let r be (4 - 5 - -4)/(-3). Let g(s) = -11*s**2. Give g(r).
-11
Let t(r) = -r**2 + 1. Let u = 25 + -29. Suppose -2 + 5 = -f. Let h = u - f. Determine t(h).
0
Let m(p) = p**3 + 22*p**2 + 20*p - 25. Let v be m(-21). Let x(j) = j**3 + 4*j**2 - 5. Determine x(v).
-5
Let b(x) be the second derivative of x**4/6 - x**3/3 + x**2/2 + x. Let y be (0 - 0) + 2 + -2. Let s(i) = -i**2 - i + 1. Let f be s(y). Calculate b(f).
1
Let b(m) be the first derivative of -m**2/2 - 2*m + 3. Suppose 2*j + 6 = -2. Determine b(j).
2
Let x = -11 + 16. Let p be ((-1)/(-2))/((-1)/10). Let d = x + p. Let v(w) = w**2 + w - 4. Determine v(d).
-4
Let f(z) = z**3 + 4*z**2 - 8*z - 12. Let k be f(-5). Let i(v) be the second derivative of 3*v + 0 + 1/2*v**2 + 1/6*v**k. What is i(2)?
3
Let b(o) be the third derivative of o**6/120 + o**5/10 + o**4/12 - 5*o**3/6 + 4*o**2. Give b(-5).
10
Let o(l) = 9*l**2 - l - 1. Suppose -j - 2 = -1. Determine o(j).
9
Suppose 3*q + 2*q = 15. Let m(l) = -2*l + 2 + 1 + l**2 - 3 - 3. Calculate m(q).
0
Let c(z) = -z**3 - 3*z**2. Let p = 14 + 27. Suppose 0 = 3*m - 4*k + 25, 3*m - 12 = 5*k - p. Determine c(m).
0
Let i(z) = -7*z**3 - 14*z**2 + 11*z - 7. Let w(s) = -11*s**3 - 21*s**2 + 16*s - 11. Let t(l) = 8*i(l) - 5*w(l). What is t(-8)?
-1
Let i(p) = -2*p + 7. Let s(x) = x**3 - 10*x**2 - 11*x + 6. Suppose 3*q = m - 26, 3*m + 3*q - 12 - 6 = 0. Let d be s(m). What is i(d)?
-5
Suppose -c = -0*c - 16. Let a = 23 - c. Let u = a + -6. Let t(k) = 2*k. Determine t(u).
2
Let j be (-2)/(-2)*(4 + -11). Let o(v) = v**2 + 7*v - 7. What is o(j)?
-7
Let n(m) = m + 1. Let l be n(3). Suppose -z = x - 2*x, l*x = -3*z + 28. Let k(p) = 0 - 5*p**2 - 2 + p**3 + p**2. Give k(z).
-2
Let w(f) be the third derivative of f**6/120 + f**5/10 + f**4/12 + f**3/3 + 2*f**2. Determine w(-6).
-10
Suppose 37 = -15*u - 53. Let a(t) = -2*t + 3*t + 6 - 3. What is a(u)?
-3
Let z be 4/3*-3 - 1. Let m(h) = h**3 + 4*h**2 - 3*h + 1. What is m(z)?
-9
Let v(g) = g**2 + 6*g - 5. Let s(a) = a**3 - 13*a**2 + 12*a - 6. Let o be s(12). What is v(o)?
-5
Suppose 2*w = a - 1, -w - 2*a = -4*w - 3. Let s(n) = 2*n. Give s(w).
2
Let u(q) = -6*q**2 + 1 - 141*q**3 + 2 + 8*q - 4 + 140*q**3. Determine u(-7).
-8
Suppose 12 + 4 = a. Let m be a/6 + (-2)/(-6). Let l(u) = -2 - 2*u + 4*u**2 - u**2 + u**m - 2*u**3. What is l(2)?
-2
Let p(t) = -2*t - 2. Let l(a) = -a. Let f(u) = 5*l(u) - 3*p(u). What is f(-11)?
-5
Let a(u) = 6*u**2 - 11*u**2 + 3*u**2 - u**3 - 2*u - 1. Let v be 3/(1 - 5/2). Calculate a(v).
3
Let r(y) = 5*y - y**2 - 463 + 463. Let d = 9 + -4. What is r(d)?
0
Let h(b) = -4*b**2 - b - 1. Let x be (1 + -2)*(3 - 0). Let o = x + 3. Suppose o = -2*u + 2*m, u + 5 - 7 = 3*m. What is h(u)?
-4
Let a(j) be the third derivative of 0*j + 